 highest common factor of o and 99.
33
Let r = -253 - -409. Calculate the highest common divisor of r and 12.
12
Let r be (-1)/4 - 1515/(-12). Calculate the highest common factor of r and 18.
18
Suppose 4*v + 5 = 145. What is the greatest common divisor of v and 35?
35
Let i be (-23)/(-2) + (-2)/4. What is the greatest common factor of i and 99?
11
Let z(f) = f**2 - 3. Suppose 3*u + 4*l + 32 = 0, -u + 2*u - 4*l - 16 = 0. Let g be z(u). Let c = 45 - g. Calculate the highest common divisor of 4 and c.
4
Let j(t) = -t**3 + 9*t**2 + 10*t + 3. Let l be j(10). Let v = -55 + 93. Let n = v + -23. Calculate the greatest common divisor of n and l.
3
Let m(i) = -i**3 - 16*i**2 + 13*i + 22. Let c be m(-17). What is the highest common divisor of 30 and c?
30
Let m be ((-5)/(-2))/(-5)*-26. Let q = m + -7. Suppose -c + q*b = b + 9, 2*c + 3*b = 21. Calculate the greatest common factor of c and 42.
6
Let v be ((-2)/6)/((-1)/6). Let j(a) = -a**3 + 5*a**2 - 6*a + 6. Suppose -3*o + 0 + 9 = 0. Let h be j(o). What is the highest common divisor of v and h?
2
Let n = -6 - -8. Suppose 12 = n*u + u. What is the greatest common factor of 20 and u?
4
Let l(n) = -n + 15. Let o be l(-9). What is the greatest common divisor of 64 and o?
8
Suppose 5*p + 5*p = 160. Calculate the greatest common divisor of 128 and p.
16
Let c be 2 + (-16)/4 - -34. Calculate the highest common divisor of 8 and c.
8
Let z = -211 + 504. Let s = z - 203. Let y = 12 + 24. What is the highest common factor of y and s?
18
Let d be 3*(2 + (-2)/3). Suppose -d*g - g + 2*v + 23 = 0, -4*v - 11 = -3*g. Calculate the greatest common divisor of g and 20.
5
Let f be (-627)/(-88) + -2 + (-15)/(-8). What is the highest common divisor of f and 49?
7
Let s = -6 - -17. What is the highest common factor of 110 and s?
11
Suppose o = -2*o + 9. Calculate the highest common factor of 12 and o.
3
Suppose -3*c + 4*c - 1 = 0. Let r be (26/c)/(-2)*-1. Let v be -13*(-8 - (-6)/(-2)). What is the greatest common factor of v and r?
13
Let m be (-2 + (-88)/(-20))*10. What is the highest common divisor of m and 60?
12
Suppose 10 + 60 = 2*v. Calculate the greatest common divisor of 280 and v.
35
Let t(z) = -4*z - 5 + 4*z + z. Let d be t(6). Suppose -s = -d - 7. Calculate the highest common divisor of 56 and s.
8
Let l = 47 + -2. Calculate the greatest common divisor of 405 and l.
45
Let c(g) be the third derivative of -g**6/120 - 7*g**5/60 - g**4/8 - 3*g**3/2 + 2*g**2. Let m be c(-7). What is the greatest common divisor of 18 and m?
6
Let v(x) = -4*x**3 - 2*x**2 - x. Let b be ((-2)/(-2))/(1 + -2). Let l be v(b). Calculate the highest common divisor of 15 and l.
3
Let x(f) = f**3 - 13*f**2 + 2*f - 6. Let g be x(13). Suppose 6*s = 2*s + 120. What is the greatest common divisor of g and s?
10
Suppose 0*j + 16 = 4*j. Suppose 5*f = 25, -133 = -j*r - f - 4*f. Let q(m) = -m**2 - 4*m + 3. Let p be q(-4). What is the greatest common divisor of p and r?
3
Let i(d) = -5*d**3 - d + 2. Let u be i(-2). What is the highest common factor of 22 and u?
22
Suppose 3*r - 12 = 0, 3*b + 5*r + 8 = 31. What is the greatest common factor of 17 and b?
1
Suppose 0*u + 3*u - 462 = 0. Suppose -3*m + 0*b - b + u = 0, 4*m = 2*b + 202. What is the greatest common factor of m and 17?
17
Suppose 2*o + 11 = 41. Let d be (-6)/o + (-87)/(-5). What is the greatest common divisor of 51 and d?
17
Let o(g) = -23*g + 8. Let j be o(-4). What is the highest common divisor of 25 and j?
25
Let g = 8 - 6. Suppose 5*a + 3*r - 630 = r, 0 = 5*a - g*r - 630. Calculate the greatest common factor of 21 and a.
21
Suppose j = -2*y + 2, 10*y = -3*j + 5*y + 2. Let s be 8*(1 + (-3)/j). What is the greatest common factor of s and 96?
12
Let k(g) = -g**3 + 7*g**2 + 10*g - 1. Let c be k(7). What is the highest common factor of c and 23?
23
Suppose 8 = 2*w + d, 7*w - 11*w - 4*d = -16. What is the highest common factor of 1 and w?
1
Let i be 2/1*1 - 0. Suppose 8 = 4*b, -5*y - 5*b = -i*b - 201. What is the greatest common factor of y and 26?
13
Let k be (-8)/2*33/2. Let u = 96 + k. Suppose 0 = r - 0*r, 3*l - 2*r - 36 = 0. Calculate the greatest common factor of u and l.
6
Let r(u) = 2*u**3 - 7*u**2 + 4*u + 5. Let h be r(4). Suppose -4*l + 27 = -h. Let v = 51 + 93. Calculate the highest common divisor of v and l.
16
Let p(k) = k**2 - 8*k + 9. Let h be p(6). Let o = 35 + h. Suppose 0 = 5*j + 17 - 57. Calculate the highest common factor of j and o.
8
Let s(w) = -7*w + 5. Let r be s(-5). Let o be 72/7 + 10/(-35). Calculate the highest common divisor of r and o.
10
Let k be ((-168)/(-9))/4 - (-2)/(-3). What is the highest common divisor of k and 12?
4
Let w(n) = 2*n**2 - 6*n + 7. Let u be w(3). Let y = 22 + -15. What is the highest common divisor of y and u?
7
Let c = -26 - -66. What is the greatest common divisor of c and 40?
40
Let r(b) = -b + 8. Let w be r(7). Let t(x) = 9*x**3 + 2*x**2 - 1. Let j be t(w). What is the greatest common divisor of 25 and j?
5
Let x be (-4 - -1)*-1 - 13. Let d = x + 17. Calculate the highest common divisor of 70 and d.
7
Let d = -11 - -9. Let h = 26 + d. What is the greatest common factor of h and 24?
24
Let c be 27/5 + (-6)/15. Suppose 2*y = c - 15. Let p be (15/6)/y*-80. What is the greatest common factor of 8 and p?
8
Suppose -5*z - u - 1 = -30, 2*z - 5*u + 10 = 0. Suppose -3*k = 2*r - 36, -k + z*k = 5*r - 90. What is the greatest common factor of 126 and r?
18
Let p = 0 + 25. Suppose -2*w + p + 37 = 0. Suppose 2*l - 2*a + 34 = 6*l, -w = -4*l - 3*a. What is the greatest common factor of l and 20?
10
Suppose -8*c = -3*c. Suppose -94 = -5*o - m - m, 5*o + m - 92 = c. What is the highest common divisor of o and 126?
18
Let m(s) = s**2 - 3*s + 6. Let d be m(5). Suppose -r + 18 = -3*r. Let a(f) = f**2 + 7*f - 10. Let h be a(r). Calculate the highest common factor of d and h.
8
Suppose -4*q - 4*a = -36, 5*q - 21 = q - a. Suppose 7 + 1 = q*k. Suppose 0 = 4*f + 16, 3*f = 4*u + f - 28. Calculate the greatest common factor of u and k.
1
Let t(i) = i**3 + 10*i**2 + 15*i + 1. Let j be t(-8). Calculate the greatest common factor of j and 27.
9
Let n(w) = w**2 + 4*w - 10. Let h be n(-7). Suppose -3*o = -o - 44. What is the greatest common factor of h and o?
11
Suppose 0 = -4*k + 2*k + 40. Calculate the greatest common factor of 20 and k.
20
Let c = 2 - 1. Let v(g) = 11*g**2 - g. Let w be v(c). Let x = 124 + -54. What is the greatest common divisor of x and w?
10
Let m = -16 + 30. What is the highest common factor of 35 and m?
7
Let l = 48 - 22. What is the greatest common factor of 26 and l?
26
Let q(y) = y - 2. Let g be q(10). Let i(k) = -3*k. Let n be i(1). Let c be ((-16)/6)/(1/n). Calculate the highest common divisor of c and g.
8
Let x = -81 + 90. Calculate the highest common factor of x and 18.
9
Let q(t) = -3*t**2 + 2*t + 3. Let b be q(0). What is the greatest common factor of b and 2?
1
Let x = -295 + 303. Let c be -18*1*4/(-3). What is the highest common divisor of x and c?
8
Suppose 0 = -4*l + l + 9. Suppose w = l*w - 16. What is the highest common divisor of w and 12?
4
Let s(a) = -a**3 + 3*a**2 - a. Let i be s(2). Suppose -10 = -3*k - 2*k. What is the highest common factor of k and i?
2
Let r(g) = -g**3 + 2*g**2 + 2*g - 2. Let q be r(5). Let a = -97 - q. Let z be (a/4)/((-1)/4). Calculate the highest common factor of 12 and z.
6
Suppose 5*w + 10 = 30. Suppose 2*s + 4*a = 68, -2*a = -2*s - w + 42. Let t = s + -10. Calculate the greatest common divisor of t and 28.
14
Suppose g = 4*h - 336, -2*g - 56 = 4*h - 392. Calculate the greatest common factor of 12 and h.
12
Let v(k) = -k - 7. Let d be v(6). Let o = 9 - d. What is the highest common factor of o and 44?
22
Suppose 113 = 5*l - 37. Calculate the greatest common divisor of l and 6.
6
Suppose -6*o - 3*j + 33 = -o, 3*j = 3*o - 39. Let q be o/6 - (-385)/10. What is the greatest common divisor of 10 and q?
10
Suppose 0 = 3*r - 2*j - 78, r + r + 2*j = 42. Let o = 1 - 1. Suppose o = -0*q - 2*q + 16. What is the greatest common factor of r and q?
8
Let d = -1 + 26. Let h(k) = -k**2 + 6*k. Let f(q) = -2*q - 1. Let a be f(-3). Let s be h(a). What is the greatest common factor of d and s?
5
Let o = 36 - 8. Let i be (0 - (-1)/1) + 3. Calculate the greatest common divisor of i and o.
4
Let y be (-324)/10*(-30)/9. Calcul